{"id":256,"date":"2025-04-03T14:29:14","date_gmt":"2025-04-03T14:29:14","guid":{"rendered":"https:\/\/adaptium.com.py\/index.php\/transformacion-digital\/"},"modified":"2025-05-19T10:15:14","modified_gmt":"2025-05-19T13:15:14","slug":"transformacion-digital","status":"publish","type":"page","link":"https:\/\/adaptium.com.py\/index.php\/transformacion-digital\/","title":{"rendered":"Transformaci\u00f3n Digital"},"content":{"rendered":"\n\n","protected":false},"excerpt":{"rendered":"","protected":false},"author":1,"featured_media":0,"parent":0,"menu_order":0,"comment_status":"closed","ping_status":"closed","template":"full-width","meta":{"saved_in_kubio":true,"_seopress_robots_primary_cat":"","_seopress_titles_title":"","_seopress_titles_desc":"En ADAPTIUM, nos destacamos por promover la conceptos claves de la transformaci\u00f3n digital: a) tecnolog\u00eda como habilitador, b) cambio cultural, c) experiencia del cliente y d) optimizaci\u00f3n operativa.","_seopress_robots_index":"","_monsterinsights_skip_tracking":false,"_monsterinsights_sitenote_active":false,"_monsterinsights_sitenote_note":"","_monsterinsights_sitenote_category":0,"footnotes":""},"class_list":["post-256","page","type-page","status-publish","hentry"],"kubio_ai_page_context":{"short_desc":"","purpose":"general"},"_links":{"self":[{"href":"https:\/\/adaptium.com.py\/index.php\/wp-json\/wp\/v2\/pages\/256","targetHints":{"allow":["GET"]}}],"collection":[{"href":"https:\/\/adaptium.com.py\/index.php\/wp-json\/wp\/v2\/pages"}],"about":[{"href":"https:\/\/adaptium.com.py\/index.php\/wp-json\/wp\/v2\/types\/page"}],"author":[{"embeddable":true,"href":"https:\/\/adaptium.com.py\/index.php\/wp-json\/wp\/v2\/users\/1"}],"replies":[{"embeddable":true,"href":"https:\/\/adaptium.com.py\/index.php\/wp-json\/wp\/v2\/comments?post=256"}],"version-history":[{"count":26,"href":"https:\/\/adaptium.com.py\/index.php\/wp-json\/wp\/v2\/pages\/256\/revisions"}],"predecessor-version":[{"id":461,"href":"https:\/\/adaptium.com.py\/index.php\/wp-json\/wp\/v2\/pages\/256\/revisions\/461"}],"wp:attachment":[{"href":"https:\/\/adaptium.com.py\/index.php\/wp-json\/wp\/v2\/media?parent=256"}],"curies":[{"name":"wp","href":"https:\/\/api.w.org\/{rel}","templated":true}]}}